or of 410 and 2.
2
What is the highest common factor of 84 and 140?
28
What is the greatest common factor of 255 and 75?
15
Calculate the highest common divisor of 184 and 23.
23
What is the highest common factor of 66 and 22?
22
What is the greatest common factor of 44 and 77?
11
Calculate the greatest common divisor of 81 and 54.
27
What is the highest common divisor of 385 and 140?
35
Calculate the greatest common divisor of 16 and 3.
1
What is the highest common divisor of 8 and 46264?
8
Calculate the greatest common factor of 195 and 30.
15
What is the highest common factor of 5680 and 240?
80
Calculate the greatest common divisor of 12395 and 925.
185
Calculate the highest common divisor of 592 and 222.
74
What is the highest common divisor of 125 and 38125?
125
Calculate the highest common factor of 5951 and 33.
11
What is the highest common divisor of 28 and 76?
4
What is the highest common divisor of 2630 and 10?
10
What is the highest common divisor of 1024 and 32?
32
What is the highest common divisor of 2409 and 66?
33
What is the highest common divisor of 37 and 999?
37
What is the highest common divisor of 92 and 1587?
23
What is the greatest common factor of 111 and 333?
111
What is the highest common factor of 8 and 39368?
8
What is the highest common factor of 6 and 33?
3
Calculate the greatest common divisor of 60 and 2355.
15
Calculate the greatest common divisor of 476 and 187.
17
What is the highest common factor of 3114 and 36?
18
What is the greatest common divisor of 154 and 44?
22
What is the greatest common factor of 114 and 76?
38
Calculate the highest common factor of 60 and 4605.
15
Calculate the highest common factor of 27 and 44901.
27
What is the greatest common divisor of 41 and 51455?
41
Calculate the greatest common factor of 918 and 34.
34
What is the greatest common factor of 1254 and 1938?
114
What is the greatest common factor of 180 and 8370?
90
Calculate the highest common factor of 2 and 438.
2
Calculate the greatest common divisor of 21 and 12.
3
What is the highest common factor of 132 and 121?
11
What is the greatest common divisor of 18 and 102?
6
Calculate the highest common factor of 9071 and 47.
47
What is the highest common factor of 55 and 33?
11
Calculate the highest common divisor of 14 and 190.
2
Calculate the highest common divisor of 17 and 6613.
17
Calculate the highest common divisor of 169 and 65.
13
What is the greatest common factor of 48 and 186?
6
Calculate the greatest common divisor of 54 and 25146.
18
What is the greatest common factor of 11975 and 50?
25
Calculate the greatest common divisor of 14744 and 152.
152
What is the greatest common factor of 644 and 84?
28
Calculate the highest common divisor of 350 and 385.
35
What is the greatest common factor of 793 and 481?
13
Calculate the highest common factor of 2238 and 6.
6
What is the highest common divisor of 44672 and 349?
349
What is the highest common divisor of 135 and 735?
15
What is the highest common divisor of 1441 and 55?
11
Calculate the highest common factor of 4 and 1051.
1
Calculate the greatest common factor of 230 and 2930.
10
What is the greatest common factor of 1392 and 816?
48
Calculate the greatest common divisor of 610 and 170.
10
What is the greatest common factor of 18 and 36?
18
What is the highest common factor of 256 and 20?
4
Calculate the highest common divisor of 165 and 3245.
55
What is the highest common divisor of 1001 and 104?
13
What is the highest common divisor of 3576 and 24?
24
What is the highest common factor of 2 and 86?
2
What is the highest common divisor of 22 and 1342?
22
Calculate the highest common divisor of 18 and 495.
9
Calculate the highest common divisor of 3627 and 4185.
279
What is the greatest common divisor of 160 and 75?
5
What is the greatest common factor of 434 and 186?
62
Calculate the greatest common divisor of 171 and 1.
1
Calculate the highest common factor of 344 and 215.
43
What is the highest common divisor of 141 and 94?
47
Calculate the greatest common divisor of 39 and 15.
3
What is the highest common factor of 8 and 512?
8
What is the highest common divisor of 1056 and 150?
6
Calculate the greatest common divisor of 112 and 8176.
112
Calculate the highest common divisor of 3159 and 8991.
243
Calculate the greatest common factor of 62 and 8618.
62
Calculate the highest common divisor of 9 and 7551.
9
Calculate the greatest common divisor of 14 and 1246.
14
What is the highest common divisor of 13 and 169?
13
What is the highest common divisor of 50 and 410?
10
Calculate the highest common factor of 184 and 322.
46
What is the highest common factor of 225 and 25?
25
Calculate the greatest common divisor of 2300 and 100.
100
Calculate the greatest common factor of 40516 and 56.
28
Calculate the highest common divisor of 196 and 1652.
28
What is the greatest common factor of 116 and 1044?
116
Calculate the greatest common factor of 810 and 75.
15
Calculate the highest common divisor of 295 and 4543.
59
What is the highest common factor of 343 and 7?
7
Calculate the greatest common divisor of 2236 and 52.
52
Calculate the highest common factor of 490 and 30.
10
What is the highest common factor of 138 and 92?
46
Calculate the greatest common factor of 377 and 104.
13
Calculate the highest common factor of 13 and 403.
13
Calculate the highest common divisor of 42 and 4.
2
Calculate the greatest common divisor of 624 and 48.
48
Calculate the highest common factor of 28 and 378.
14
Calculate the highest common divisor of 25 and 725.
25
What is the highest common factor of 25000 and 8?
8
What is the highest common divisor of 7525 and 7?
7
Calculate the greatest common divisor of 110 and 30.
10
Calculate the highest common divisor of 1323 and 2058.
147
What is the highest common divisor of 42490 and 14?
14
What is the greatest common divisor of 40 and 92?
4
Calculate the highest common divisor of 2388 and 24.
12
What is the greatest common divisor of 12937 and 17?
17
Calculate the greatest common divisor of 192 and 132.
12
What is the highest common factor of 3555 and 45?
45
What is the greatest common divisor of 43 and 2107?
43
What is the greatest common divisor of 1 and 511?
1
Calculate the greatest common divisor of 725 and 175.
25
Calculate the greatest common divisor of 25 and 6125.
25
Calculate the greatest common divisor of 841 and 29.
29
What is the greatest common divisor of 124 and 64?
4
What is the highest common divisor of 180 and 585?
45
What is the highest common factor of 1791 and 27?
9
What is the greatest common factor of 6 and 5628?
6
What is the greatest common divisor of 930 and 30?
30
Calculate the highest common divisor of 1704 and 48.
24
Calculate the greatest common divisor of 3219 and 261.
87
Calculate the greatest common factor of 614 and 2.
2
Calculate the greatest common factor of 27392 and 768.
256
What is the greatest common divisor of 800 and 80?
80
Calculate the greatest common divisor of 9081 and 18.
9
Calculate the greatest common divisor of 17 and 1241.
17
What is the highest common factor of 728 and 8632?
104
Calculate the highest common divisor of 140 and 900.
20
Calculate the greatest common divisor of 60 and 50.
10
Calculate the greatest common divisor of 22 and 297.
11
Calculate the highest common factor of 23 and 529.
23
What is the highest common factor of 4922 and 46?
46
Calculate the highest common factor of 375 and 900.
75
Calculate the greatest common factor of 28 and 3038.
14
What is the highest common factor of 918 and 702?
54
What is the greatest common divisor of 1537 and 1305?
29
Calculate the greatest common factor of 30 and 3880.
10
What is the greatest common divisor of 532 and 133?
133
What is the highest common factor of 22 and 187?
11
Calculate the highest common divisor of 120 and 100.
20
What is the highest common divisor of 120 and 180?
60
What is the greatest common factor of 190 and 912?
38
Calculate the greatest common factor of 763 and 42.
7
Calculate the highest common divisor of 493 and 2726.
29
What is the greatest common divisor of 1372 and 84?
28
What is the greatest common factor of 528 and 11792?
176
What is the greatest common factor of 75 and 8925?
75
What is the highest common divisor o